{"id":1429,"date":"2022-07-19T12:33:19","date_gmt":"2022-07-19T10:33:19","guid":{"rendered":"https:\/\/avalex.de\/blog\/?page_id=1429"},"modified":"2022-07-20T12:46:33","modified_gmt":"2022-07-20T10:46:33","slug":"impressum-was-sind-journalistisch-redaktionelle-angebote","status":"publish","type":"page","link":"https:\/\/avalex.de\/blog\/support\/impressum-was-sind-journalistisch-redaktionelle-angebote\/","title":{"rendered":"Impressum: Was sind journalistisch-redaktionelle Angebote?"},"content":{"rendered":"<div class=\"fusion-fullwidth fullwidth-box fusion-builder-row-1 fusion-flex-container has-pattern-background has-mask-background nonhundred-percent-fullwidth non-hundred-percent-height-scrolling\" style=\"--awb-border-radius-top-left:0px;--awb-border-radius-top-right:0px;--awb-border-radius-bottom-right:0px;--awb-border-radius-bottom-left:0px;--awb-margin-top:-2em;--awb-flex-wrap:wrap;\" ><div class=\"fusion-builder-row fusion-row fusion-flex-align-items-flex-start fusion-flex-content-wrap\" style=\"max-width:104%;margin-left: calc(-4% \/ 2 );margin-right: calc(-4% \/ 2 );\"><div class=\"fusion-layout-column fusion_builder_column fusion-builder-column-0 fusion_builder_column_1_1 1_1 fusion-flex-column\" style=\"--awb-bg-size:cover;--awb-width-large:100%;--awb-margin-top-large:0px;--awb-spacing-right-large:1.92%;--awb-margin-bottom-large:20px;--awb-spacing-left-large:1.92%;--awb-width-medium:100%;--awb-order-medium:0;--awb-spacing-right-medium:1.92%;--awb-spacing-left-medium:1.92%;--awb-width-small:100%;--awb-order-small:0;--awb-spacing-right-small:1.92%;--awb-spacing-left-small:1.92%;\"><div class=\"fusion-column-wrapper fusion-column-has-shadow fusion-flex-justify-content-flex-start fusion-content-layout-column\"><div class=\"fusion-text fusion-text-1\"><p>Im Rahmen des avalex Impressumsformulars fragen wir, ob Ihre Internetseite <strong>journalistisch-redaktionelle Inhalte<\/strong> enth\u00e4lt. Ist dies der Fall, muss die <strong>verantwortliche Person mit Vor- und Nachnamen sowie ladungsf\u00e4higer Adresse<\/strong> angegeben werden. Man spricht hier auch von presserechtlicher Verantwortlichkeit.<\/p>\n<\/div><\/div><\/div><div class=\"fusion-layout-column fusion_builder_column fusion-builder-column-1 fusion_builder_column_1_1 1_1 fusion-flex-column avalex-blog-toc\" style=\"--awb-bg-size:cover;--awb-width-large:100%;--awb-margin-top-large:0px;--awb-spacing-right-large:1.92%;--awb-margin-bottom-large:20px;--awb-spacing-left-large:1.92%;--awb-width-medium:100%;--awb-order-medium:0;--awb-spacing-right-medium:1.92%;--awb-spacing-left-medium:1.92%;--awb-width-small:100%;--awb-order-small:0;--awb-spacing-right-small:1.92%;--awb-spacing-left-small:1.92%;\"><div class=\"fusion-column-wrapper fusion-column-has-shadow fusion-flex-justify-content-flex-start fusion-content-layout-column\"><div class=\"fusion-text fusion-text-2\"><h2 id=\"inhaltsverzeichnis\">Kurz\u00fcberblick<\/h2>\n<p><a href=\"#18-2-mstv\">1. Wer muss einen presserechtlich Verantwortlichen angeben?<\/a><br \/>\n<a href=\"#presserechtlich-verantwortlicher\">2. Wer kann presserechtlich Verantwortlicher sein?<\/a><br \/>\n<a href=\"#telemedium\">3. Was ist ein Telemedium?<\/a><br \/>\n<a href=\"#journalistisch-redaktionelles-angebot\">4. Was ist ein journalistisch-redaktionelles Angebot?<\/a><br \/>\n<a href=\"#journalistisch-redaktionelles-angebot-beispiele\">5. Beispiele zur Kennzeichnungspflicht nach \u00a7 18 Abs. 2 MStV<\/a><\/p>\n<\/div><\/div><\/div><div class=\"fusion-layout-column fusion_builder_column fusion-builder-column-2 fusion_builder_column_1_1 1_1 fusion-flex-column\" style=\"--awb-bg-size:cover;--awb-width-large:100%;--awb-margin-top-large:0px;--awb-spacing-right-large:1.92%;--awb-margin-bottom-large:20px;--awb-spacing-left-large:1.92%;--awb-width-medium:100%;--awb-order-medium:0;--awb-spacing-right-medium:1.92%;--awb-spacing-left-medium:1.92%;--awb-width-small:100%;--awb-order-small:0;--awb-spacing-right-small:1.92%;--awb-spacing-left-small:1.92%;\"><div class=\"fusion-column-wrapper fusion-column-has-shadow fusion-flex-justify-content-flex-start fusion-content-layout-column\"><div class=\"fusion-text fusion-text-3\"><h2 id=\"18-2-mstv\">1. Wer muss einen presserechtlich Verantwortlichen angeben?<\/h2>\n<p>Gem\u00e4\u00df <a href=\"https:\/\/lxgesetze.de\/mstv\/17\" target=\"_blank\" rel=\"noopener\">\u00a7 18 Abs. 2 MStV<\/a> m\u00fcssen Anbieter von gesch\u00e4ftlich betriebenen Telemedien mit journalistisch-redaktionell gestalteten Angeboten einen Verantwortlichen unter Angabe des Namens und der Anschrift benennen. Werden mehrere Verantwortliche benannt, muss kenntlich gemacht werden, f\u00fcr welchen Teil des Dienstes der jeweils Benannte verantwortlich ist.<\/p>\n<p><strong>Merke<\/strong>: <u>Nur nat\u00fcrliche Personen<\/u> k\u00f6nnen presserechtlich Verantwortliche sein, keine juristische Person. Anzugeben ist daher typischerweise der journalistisch-redaktionell verantwortliche Redakteur &#8211; bei mehreren Ressorts ggf. mehrere Redakteure.<\/p>\n<h2 id=\"presserechtlich-verantwortlicher\">2. Wer kann presserechtlich Verantwortlicher sein?<\/h2>\n<p>Als Verantwortlicher darf nach <a href=\"https:\/\/lxgesetze.de\/mstv\/17\" target=\"_blank\" rel=\"noopener\">\u00a7 18 Abs. 3 Satz 2 MStV<\/a> nur benannt werden, wer<\/p>\n<ol>\n<li>seinen st\u00e4ndigen Aufenthalt im Inland hat,<\/li>\n<li>die F\u00e4higkeit, \u00f6ffentliche \u00c4mter zu bekleiden, nicht durch Richterspruch verloren hat,<\/li>\n<li>unbeschr\u00e4nkt gesch\u00e4ftsf\u00e4hig ist und<\/li>\n<li>unbeschr\u00e4nkt strafrechtlich verfolgt werden kann.<\/li>\n<\/ol>\n<h2 id=\"telemedium\">3. Was ist ein Telemedium?<\/h2>\n<p>Gesch\u00e4ftliche Internetseiten und Onlineshops sind Telemedien.<\/p>\n<h2 id=\"journalistisch-redaktionelles-angebot\">4. Was ist ein journalistisch-redaktionelles Angebot?<\/h2>\n<p>Welche Angebote als journalistisch-redaktionell anzusehen sind, ist im Medienstaatsvertrag (MStV) <strong>nicht definiert<\/strong> und <strong>juristisch nicht abschlie\u00dfend gekl\u00e4rt<\/strong>. Schwierig zu beurteilen sind vor allem Konstellationen, in denen Angebote nicht von klassischen Redaktionen mit speziell ausgebildeten Journalisten erstellt werden.<\/p>\n<p>Voraussetzung ist jedenfalls, dass die <strong>Auswahl und Strukturierung der Inhalte<\/strong> gewissen Kriterien gen\u00fcgt, zu denen zumindest auch eine <strong>erkennbar publizistische Zielsetzung<\/strong> des Angebots geh\u00f6rt. Daf\u00fcr m\u00fcssen die Informationen f\u00fcr Websitebesucher erkennbar nach ihrer gesellschaftlichen Relevanz ausgew\u00e4hlt werden mit dem Ziel des Anbieters, zur \u00f6ffentlichen Kommunikation beizutragen. Nicht alle redaktionell gestalteten Angebote geh\u00f6ren daher auch zum Online-Journalismus. Es muss die <strong>Absicht einer Berichterstattung<\/strong> gegeben sein.<\/p>\n<h2 id=\"journalistisch-redaktionelles-angebot-beispiele\">5. Beispiele zur Kennzeichnungspflicht nach \u00a7 18 Abs. 2 MStV<\/h2>\n<ul>\n<li><strong>Onlinepr\u00e4senzen von Zeitungen, Zeitschriften, Magazinen<\/strong> sind elektronische Presse und damit offenkundig journalistisch-redaktionelle Angebote.<\/li>\n<li>Das gleiche gilt, wenn auf der Internetseite <strong>journalistisch verfasste Kommentare<\/strong> zum Zeitgeschehen ver\u00f6ffentlicht werden.<\/li>\n<li>Die <strong>reine Beschreibung eines Unternehmens auf dessen Firmenwebsite <\/strong>stellt dagegen keinen journalistisch-redaktionellen Inhalt dar.<\/li>\n<li>Auch (SEO-optimierte) <strong>Produktbeschreibungen in Onlineshops<\/strong> sind keine journalistisch-redaktionellen Angebote.<\/li>\n<li>Bei <strong>Blogbeitr\u00e4gen<\/strong> ist keine pauschale Einordnung m\u00f6glich, hier kommt es auf die Zielrichtung des Angebots an. Beispielsweise wurden zahlreiche Blogbeitr\u00e4ge einer Anwaltskanzlei als blo\u00dfe kommerzielle Kommunikation und nicht als journalistisch-redaktionell gestaltetes Angebot eingestuft, da die Posts nicht an Kriterien gesellschaftlicher Relevanz ausgerichtet waren, sondern der Mandatsgewinnung dienten, also wirtschaftlichen Interessen (vgl. OLG Koblenz, Beschluss vom 12.04.2021, Az. <a href=\"https:\/\/dejure.org\/dienste\/vernetzung\/rechtsprechung?Text=4%20W%20108\/21\" title=\"OLG Koblenz, 12.04.2021 - 4 W 108\/21: Gegendarstellungsanspruch: Anforderungen an ein journalis...\">4 W 108\/21<\/a>). Die Internetseite eines Anwalts, der unter der <strong>Rubrik &#8222;Medien&#8220;<\/strong> laufend <strong>Pressemitteilungen<\/strong> herausgab, ein &#8222;<strong>Pressearchiv<\/strong>&#8220; unterhielt und nach eigener Darstellung &#8222;<strong>aktive Medienarbeit<\/strong>&#8220; betrieb, ging dagegen \u00fcber blo\u00dfes Kanzleimarketing hinaus (vgl. OLG Bremen, Urteil vom 14.01.2011, Az. <a href=\"https:\/\/dejure.org\/dienste\/vernetzung\/rechtsprechung?Text=2%20U%20115\/10\" title=\"2 U 115\/10 (3 zugeordnete Entscheidungen)\">2 U 115\/10<\/a>). Unsere Meinung: Ber\u00fccksichtigt man, dass sich die Inhalte eines Blogs laufend erweitern, sind die Grenzen zur Kennzeichnungspflicht in der Praxis oft flie\u00dfend. Geben Sie bei Betrieb eines Blogs daher im Zweifel die presserechtlich verantwortliche Person an.<\/li>\n<\/ul>\n<\/div><\/div><\/div><\/div><\/div>\n","protected":false},"excerpt":{"rendered":"","protected":false},"author":2,"featured_media":1430,"parent":1146,"menu_order":0,"comment_status":"closed","ping_status":"closed","template":"","meta":{"_lmt_disableupdate":"","_lmt_disable":"","footnotes":""},"class_list":["post-1429","page","type-page","status-publish","has-post-thumbnail","hentry"],"yoast_head":"<!-- This site is optimized with the Yoast SEO plugin v27.3 - https:\/\/yoast.com\/product\/yoast-seo-wordpress\/ -->\n<title>Impressum: Was sind journalistisch-redaktionelle Angebote?<\/title>\n<meta name=\"description\" content=\"Im Rahmen des avalex Impressumsformulars fragen wir, ob Ihre Website journalistisch-redaktionelle Inhalte enth\u00e4lt. Hier finden Sie Tipps.\" \/>\n<meta name=\"robots\" content=\"index, follow, max-snippet:-1, max-image-preview:large, max-video-preview:-1\" \/>\n<link rel=\"canonical\" href=\"https:\/\/avalex.de\/blog\/support\/impressum-was-sind-journalistisch-redaktionelle-angebote\/\" \/>\n<meta property=\"og:locale\" content=\"de_DE\" \/>\n<meta property=\"og:type\" content=\"article\" \/>\n<meta property=\"og:title\" content=\"Impressum: Was sind journalistisch-redaktionelle Angebote?\" \/>\n<meta property=\"og:description\" content=\"Im Rahmen des avalex Impressumsformulars fragen wir, ob Ihre Website journalistisch-redaktionelle Inhalte enth\u00e4lt. Hier finden Sie Tipps.\" \/>\n<meta property=\"og:url\" content=\"https:\/\/avalex.de\/blog\/support\/impressum-was-sind-journalistisch-redaktionelle-angebote\/\" \/>\n<meta property=\"og:site_name\" content=\"avalex\" \/>\n<meta property=\"article:publisher\" content=\"https:\/\/www.facebook.com\/avalex.de\/\" \/>\n<meta property=\"article:modified_time\" content=\"2022-07-20T10:46:33+00:00\" \/>\n<meta property=\"og:image\" content=\"https:\/\/avalex.de\/blog\/wp-content\/uploads\/2022\/07\/journalistisch-redaktionelle-angebote-18-mstv.png\" \/>\n\t<meta property=\"og:image:width\" content=\"1200\" \/>\n\t<meta property=\"og:image:height\" content=\"630\" \/>\n\t<meta property=\"og:image:type\" content=\"image\/png\" \/>\n<meta name=\"twitter:card\" content=\"summary_large_image\" \/>\n<meta name=\"twitter:site\" content=\"@avalex_de\" \/>\n<meta name=\"twitter:label1\" content=\"Gesch\u00e4tzte Lesezeit\" \/>\n\t<meta name=\"twitter:data1\" content=\"7\u00a0Minuten\" \/>\n<script type=\"application\/ld+json\" class=\"yoast-schema-graph\">{\"@context\":\"https:\\\/\\\/schema.org\",\"@graph\":[{\"@type\":\"WebPage\",\"@id\":\"https:\\\/\\\/avalex.de\\\/blog\\\/support\\\/impressum-was-sind-journalistisch-redaktionelle-angebote\\\/\",\"url\":\"https:\\\/\\\/avalex.de\\\/blog\\\/support\\\/impressum-was-sind-journalistisch-redaktionelle-angebote\\\/\",\"name\":\"Impressum: Was sind journalistisch-redaktionelle Angebote?\",\"isPartOf\":{\"@id\":\"https:\\\/\\\/avalex.de\\\/blog\\\/#website\"},\"primaryImageOfPage\":{\"@id\":\"https:\\\/\\\/avalex.de\\\/blog\\\/support\\\/impressum-was-sind-journalistisch-redaktionelle-angebote\\\/#primaryimage\"},\"image\":{\"@id\":\"https:\\\/\\\/avalex.de\\\/blog\\\/support\\\/impressum-was-sind-journalistisch-redaktionelle-angebote\\\/#primaryimage\"},\"thumbnailUrl\":\"https:\\\/\\\/avalex.de\\\/blog\\\/wp-content\\\/uploads\\\/2022\\\/07\\\/journalistisch-redaktionelle-angebote-18-mstv.png\",\"datePublished\":\"2022-07-19T10:33:19+00:00\",\"dateModified\":\"2022-07-20T10:46:33+00:00\",\"description\":\"Im Rahmen des avalex Impressumsformulars fragen wir, ob Ihre Website journalistisch-redaktionelle Inhalte enth\u00e4lt. Hier finden Sie Tipps.\",\"breadcrumb\":{\"@id\":\"https:\\\/\\\/avalex.de\\\/blog\\\/support\\\/impressum-was-sind-journalistisch-redaktionelle-angebote\\\/#breadcrumb\"},\"inLanguage\":\"de\",\"potentialAction\":[{\"@type\":\"ReadAction\",\"target\":[\"https:\\\/\\\/avalex.de\\\/blog\\\/support\\\/impressum-was-sind-journalistisch-redaktionelle-angebote\\\/\"]}]},{\"@type\":\"ImageObject\",\"inLanguage\":\"de\",\"@id\":\"https:\\\/\\\/avalex.de\\\/blog\\\/support\\\/impressum-was-sind-journalistisch-redaktionelle-angebote\\\/#primaryimage\",\"url\":\"https:\\\/\\\/avalex.de\\\/blog\\\/wp-content\\\/uploads\\\/2022\\\/07\\\/journalistisch-redaktionelle-angebote-18-mstv.png\",\"contentUrl\":\"https:\\\/\\\/avalex.de\\\/blog\\\/wp-content\\\/uploads\\\/2022\\\/07\\\/journalistisch-redaktionelle-angebote-18-mstv.png\",\"width\":1200,\"height\":630,\"caption\":\"journalistisch-redaktionelle Inhalte\"},{\"@type\":\"BreadcrumbList\",\"@id\":\"https:\\\/\\\/avalex.de\\\/blog\\\/support\\\/impressum-was-sind-journalistisch-redaktionelle-angebote\\\/#breadcrumb\",\"itemListElement\":[{\"@type\":\"ListItem\",\"position\":1,\"name\":\"Home\",\"item\":\"https:\\\/\\\/avalex.de\\\/blog\\\/\"},{\"@type\":\"ListItem\",\"position\":2,\"name\":\"Support\",\"item\":\"https:\\\/\\\/avalex.de\\\/blog\\\/support\\\/\"},{\"@type\":\"ListItem\",\"position\":3,\"name\":\"Impressum: Was sind journalistisch-redaktionelle Angebote?\"}]},{\"@type\":\"WebSite\",\"@id\":\"https:\\\/\\\/avalex.de\\\/blog\\\/#website\",\"url\":\"https:\\\/\\\/avalex.de\\\/blog\\\/\",\"name\":\"avalex\",\"description\":\"Automatisch sichere Rechtstexte\",\"publisher\":{\"@id\":\"https:\\\/\\\/avalex.de\\\/blog\\\/#organization\"},\"potentialAction\":[{\"@type\":\"SearchAction\",\"target\":{\"@type\":\"EntryPoint\",\"urlTemplate\":\"https:\\\/\\\/avalex.de\\\/blog\\\/?s={search_term_string}\"},\"query-input\":{\"@type\":\"PropertyValueSpecification\",\"valueRequired\":true,\"valueName\":\"search_term_string\"}}],\"inLanguage\":\"de\"},{\"@type\":\"Organization\",\"@id\":\"https:\\\/\\\/avalex.de\\\/blog\\\/#organization\",\"name\":\"avalex GmbH\",\"alternateName\":\"avalex\",\"url\":\"https:\\\/\\\/avalex.de\\\/blog\\\/\",\"logo\":{\"@type\":\"ImageObject\",\"inLanguage\":\"de\",\"@id\":\"https:\\\/\\\/avalex.de\\\/blog\\\/#\\\/schema\\\/logo\\\/image\\\/\",\"url\":\"https:\\\/\\\/avalex.de\\\/blog\\\/wp-content\\\/uploads\\\/2022\\\/02\\\/avalex-favicon-167px.png\",\"contentUrl\":\"https:\\\/\\\/avalex.de\\\/blog\\\/wp-content\\\/uploads\\\/2022\\\/02\\\/avalex-favicon-167px.png\",\"width\":167,\"height\":167,\"caption\":\"avalex GmbH\"},\"image\":{\"@id\":\"https:\\\/\\\/avalex.de\\\/blog\\\/#\\\/schema\\\/logo\\\/image\\\/\"},\"sameAs\":[\"https:\\\/\\\/www.facebook.com\\\/avalex.de\\\/\",\"https:\\\/\\\/x.com\\\/avalex_de\"]}]}<\/script>\n<!-- \/ Yoast SEO plugin. -->","yoast_head_json":{"title":"Impressum: Was sind journalistisch-redaktionelle Angebote?","description":"Im Rahmen des avalex Impressumsformulars fragen wir, ob Ihre Website journalistisch-redaktionelle Inhalte enth\u00e4lt. Hier finden Sie Tipps.","robots":{"index":"index","follow":"follow","max-snippet":"max-snippet:-1","max-image-preview":"max-image-preview:large","max-video-preview":"max-video-preview:-1"},"canonical":"https:\/\/avalex.de\/blog\/support\/impressum-was-sind-journalistisch-redaktionelle-angebote\/","og_locale":"de_DE","og_type":"article","og_title":"Impressum: Was sind journalistisch-redaktionelle Angebote?","og_description":"Im Rahmen des avalex Impressumsformulars fragen wir, ob Ihre Website journalistisch-redaktionelle Inhalte enth\u00e4lt. Hier finden Sie Tipps.","og_url":"https:\/\/avalex.de\/blog\/support\/impressum-was-sind-journalistisch-redaktionelle-angebote\/","og_site_name":"avalex","article_publisher":"https:\/\/www.facebook.com\/avalex.de\/","article_modified_time":"2022-07-20T10:46:33+00:00","og_image":[{"width":1200,"height":630,"url":"https:\/\/avalex.de\/blog\/wp-content\/uploads\/2022\/07\/journalistisch-redaktionelle-angebote-18-mstv.png","type":"image\/png"}],"twitter_card":"summary_large_image","twitter_site":"@avalex_de","twitter_misc":{"Gesch\u00e4tzte Lesezeit":"7\u00a0Minuten"},"schema":{"@context":"https:\/\/schema.org","@graph":[{"@type":"WebPage","@id":"https:\/\/avalex.de\/blog\/support\/impressum-was-sind-journalistisch-redaktionelle-angebote\/","url":"https:\/\/avalex.de\/blog\/support\/impressum-was-sind-journalistisch-redaktionelle-angebote\/","name":"Impressum: Was sind journalistisch-redaktionelle Angebote?","isPartOf":{"@id":"https:\/\/avalex.de\/blog\/#website"},"primaryImageOfPage":{"@id":"https:\/\/avalex.de\/blog\/support\/impressum-was-sind-journalistisch-redaktionelle-angebote\/#primaryimage"},"image":{"@id":"https:\/\/avalex.de\/blog\/support\/impressum-was-sind-journalistisch-redaktionelle-angebote\/#primaryimage"},"thumbnailUrl":"https:\/\/avalex.de\/blog\/wp-content\/uploads\/2022\/07\/journalistisch-redaktionelle-angebote-18-mstv.png","datePublished":"2022-07-19T10:33:19+00:00","dateModified":"2022-07-20T10:46:33+00:00","description":"Im Rahmen des avalex Impressumsformulars fragen wir, ob Ihre Website journalistisch-redaktionelle Inhalte enth\u00e4lt. Hier finden Sie Tipps.","breadcrumb":{"@id":"https:\/\/avalex.de\/blog\/support\/impressum-was-sind-journalistisch-redaktionelle-angebote\/#breadcrumb"},"inLanguage":"de","potentialAction":[{"@type":"ReadAction","target":["https:\/\/avalex.de\/blog\/support\/impressum-was-sind-journalistisch-redaktionelle-angebote\/"]}]},{"@type":"ImageObject","inLanguage":"de","@id":"https:\/\/avalex.de\/blog\/support\/impressum-was-sind-journalistisch-redaktionelle-angebote\/#primaryimage","url":"https:\/\/avalex.de\/blog\/wp-content\/uploads\/2022\/07\/journalistisch-redaktionelle-angebote-18-mstv.png","contentUrl":"https:\/\/avalex.de\/blog\/wp-content\/uploads\/2022\/07\/journalistisch-redaktionelle-angebote-18-mstv.png","width":1200,"height":630,"caption":"journalistisch-redaktionelle Inhalte"},{"@type":"BreadcrumbList","@id":"https:\/\/avalex.de\/blog\/support\/impressum-was-sind-journalistisch-redaktionelle-angebote\/#breadcrumb","itemListElement":[{"@type":"ListItem","position":1,"name":"Home","item":"https:\/\/avalex.de\/blog\/"},{"@type":"ListItem","position":2,"name":"Support","item":"https:\/\/avalex.de\/blog\/support\/"},{"@type":"ListItem","position":3,"name":"Impressum: Was sind journalistisch-redaktionelle Angebote?"}]},{"@type":"WebSite","@id":"https:\/\/avalex.de\/blog\/#website","url":"https:\/\/avalex.de\/blog\/","name":"avalex","description":"Automatisch sichere Rechtstexte","publisher":{"@id":"https:\/\/avalex.de\/blog\/#organization"},"potentialAction":[{"@type":"SearchAction","target":{"@type":"EntryPoint","urlTemplate":"https:\/\/avalex.de\/blog\/?s={search_term_string}"},"query-input":{"@type":"PropertyValueSpecification","valueRequired":true,"valueName":"search_term_string"}}],"inLanguage":"de"},{"@type":"Organization","@id":"https:\/\/avalex.de\/blog\/#organization","name":"avalex GmbH","alternateName":"avalex","url":"https:\/\/avalex.de\/blog\/","logo":{"@type":"ImageObject","inLanguage":"de","@id":"https:\/\/avalex.de\/blog\/#\/schema\/logo\/image\/","url":"https:\/\/avalex.de\/blog\/wp-content\/uploads\/2022\/02\/avalex-favicon-167px.png","contentUrl":"https:\/\/avalex.de\/blog\/wp-content\/uploads\/2022\/02\/avalex-favicon-167px.png","width":167,"height":167,"caption":"avalex GmbH"},"image":{"@id":"https:\/\/avalex.de\/blog\/#\/schema\/logo\/image\/"},"sameAs":["https:\/\/www.facebook.com\/avalex.de\/","https:\/\/x.com\/avalex_de"]}]}},"yoast_description":"Im Rahmen des avalex Impressumsformulars fragen wir, ob Ihre Website journalistisch-redaktionelle Inhalte enth\u00e4lt. Hier finden Sie Tipps.","yoast_keyword":"journalistisch-redaktionelle Angebote","_links":{"self":[{"href":"https:\/\/avalex.de\/blog\/wp-json\/wp\/v2\/pages\/1429","targetHints":{"allow":["GET"]}}],"collection":[{"href":"https:\/\/avalex.de\/blog\/wp-json\/wp\/v2\/pages"}],"about":[{"href":"https:\/\/avalex.de\/blog\/wp-json\/wp\/v2\/types\/page"}],"author":[{"embeddable":true,"href":"https:\/\/avalex.de\/blog\/wp-json\/wp\/v2\/users\/2"}],"replies":[{"embeddable":true,"href":"https:\/\/avalex.de\/blog\/wp-json\/wp\/v2\/comments?post=1429"}],"version-history":[{"count":0,"href":"https:\/\/avalex.de\/blog\/wp-json\/wp\/v2\/pages\/1429\/revisions"}],"up":[{"embeddable":true,"href":"https:\/\/avalex.de\/blog\/wp-json\/wp\/v2\/pages\/1146"}],"wp:featuredmedia":[{"embeddable":true,"href":"https:\/\/avalex.de\/blog\/wp-json\/wp\/v2\/media\/1430"}],"wp:attachment":[{"href":"https:\/\/avalex.de\/blog\/wp-json\/wp\/v2\/media?parent=1429"}],"curies":[{"name":"wp","href":"https:\/\/api.w.org\/{rel}","templated":true}]}}